**2 + o. Let n be q(1). Suppose 40 = -3*i + y - n*y, 3*i + 25 = y. Let c = i + 15. What are the prime factors of c?
5
Suppose -198 + 657 = 3*a. Let j be 6/21 + a/(-21). Let h(d) = d + 9. List the prime factors of h(j).
2
Let h(o) = 3*o**2 - 6*o - 11. What are the prime factors of h(6)?
61
Suppose 0 = n - 6*n - 50. Let f(l) = -l - 8. Let b be f(n). List the prime factors of -2*(-2)/b - -5.
7
Let d = -34 + 63. Suppose z - 20 + 0 = 4*r, -z = 5*r - d. List the prime factors of z.
2, 3
Let g(w) = 2*w**2 + w + 23. What are the prime factors of g(-11)?
2, 127
Suppose 0 = -3*f + 15 + 21. Suppose w + 2*r = -r - 9, 0 = -3*r - 12. Suppose -m + w = o - 1, 5*m = 3*o - f. What are the prime factors of o?
2
Let i = -40 + 82. What are the prime factors of i?
2, 3, 7
Let a be (-4)/(-10) - (-36)/10. Suppose 17 = -a*q + 65. What are the prime factors of q?
2, 3
Let z be (-2)/3*189/(-18). Let w(p) = -p**3 + 4*p**2 + 5*p + 3. Let y be w(5). Let f = z + y. What are the prime factors of f?
2, 5
Suppose 0 = r + 2*q - 53, -2*r + 4*q + 76 = 2. List the prime factors of r.
3, 5
Let x(y) = 7*y**3 + y**2 - 1. Let r be x(1). Suppose 3*h = 4*a + 31, -2*a = r*h - 3*h - 56. What are the prime factors of h?
13
Let n(g) = -2*g + 31. What are the prime factors of n(0)?
31
Suppose 2*t = 3*c - 1102, -c + 5*t + 363 = -0*c. What are the prime factors of c?
2, 23
Suppose -2*j - 158 = -2*r, 0 = -5*r + 2*r - 5*j + 237. List the prime factors of r.
79
Suppose -4*b + 19 - 3 = 0. Suppose -b*r = -37 + 5. List the prime factors of r.
2
Let z = 3 - -2. Suppose 3*v - 4*m - 26 = 0, -3*v + 2*m - z = -39. List the prime factors of (-4)/14 - (-46)/v.
3
Let f = -61 + 111. List the prime factors of f.
2, 5
Suppose 0 = 4*t + 11*t - 1215. List the prime factors of t.
3
Let w be 3 + 10 - 3*-1. Suppose -3*z = w - 67. What are the prime factors of z?
17
Let w(u) = u**3 - 7*u**2 - u + 9. Let s(a) = 3*a - 2. Let r be s(3). List the prime factors of w(r).
2
Suppose 0 = -3*y + 2 + 4. Suppose 7 = 3*n + y*u - 4*u, u = 4. What are the prime factors of n?
5
Let j be 1/(-3)*(-6 + 0). Suppose -j*d + 20 = 6. What are the prime factors of d?
7
List the prime factors of (-572)/(-20) + (-6)/10.
2, 7
Let t(g) = 2*g**2 + g + 2. Let m(j) = j**2 + j. Let p(o) = 4*m(o) - t(o). What are the prime factors of p(-3)?
7
Let b = 4 - 2. Suppose -2*w - 9 = -b*d + d, -2*w - 31 = -3*d. Let x = d - -3. List the prime factors of x.
2, 7
Let w(i) = -8*i - 2. Let l = -18 + 12. What are the prime factors of w(l)?
2, 23
Let i = 13 + -19. Let l be i/(3*6/(-27)). Let u(z) = z**2 - 7*z - 11. List the prime factors of u(l).
7
Let w be (0 - 1) + -5 - -1. What are the prime factors of (-40)/16*14/w?
7
What are the prime factors of ((-13)/39)/(0 + (-2)/108)?
2, 3
Let a = -65 + 98. What are the prime factors of a?
3, 11
Let w = 9 + -6. What are the prime factors of (-234)/(-21) - w/21?
11
Let s(w) = -w**2 + 2. Let h be s(4). What are the prime factors of -1 - 4*h/4?
13
Let f(n) = 3*n**2 - 4*n + 4. Suppose 0 + 5 = 5*r - 2*q, -4*q + 29 = 3*r. Suppose 4*k - 3*k = r. What are the prime factors of f(k)?
19
Suppose r + 4*r = 0. Suppose -g + 4*g = r. Suppose g*c - 3*c + 6 = 0. List the prime factors of c.
2
Let r = 5 + -2. Suppose r*x + 42 - 102 = 0. What are the prime factors of x?
2, 5
Let h(v) = -v**3 + 7*v**2 - 5*v - 5. Let d be h(6). List the prime factors of (d - 3)/((-8)/36).
3
Let b be -3*((-2)/6 + -1). Suppose 0*y = 2*y - b. Suppose 0 = -3*w + y*w + 9. List the prime factors of w.
3
Suppose 0 = 4*s + 3*f - 30, -s = -2*f + 1 - 3. Suppose 30 = 5*b - 5*k, 3*b + 3 = s*b + 2*k. What are the prime factors of b?
3
Suppose -4*k - 86 = 74. Let n be 1/(-4) - 370/k. Let i = 19 - n. What are the prime factors of i?
2, 5
Suppose 10*h - 7*h = 300. List the prime factors of h.
2, 5
Let g be 2 - (8/4 + -2). Suppose -g*r - 17 = -67. List the prime factors of r.
5
Let q = 45 - 18. Suppose -1 = 4*b - 9. Suppose -t + q = b*t - 3*u, 3*t = -2*u + 27. List the prime factors of t.
3
Suppose -9 = j - 66. What are the prime factors of j?
3, 19
Suppose -4*c - 5 = 5*m, -5*m - 5*c + 0*c = 10. Suppose 5*u = s - 8, -s + u = -m*s - 6. What are the prime factors of (s + 4 + -3)*-11?
11
Suppose m + 0*m + 2*g = 50, 0 = 3*m + 5*g - 146. What are the prime factors of m?
2, 3, 7
Let l = 524 - 291. List the prime factors of l.
233
Let i be 26/6 - (-4)/6. Suppose 0 = -3*c + i + 4. Suppose 0*q = 5*q + 4*f - 35, 0 = c*q - 5*f - 21. What are the prime factors of q?
7
Let u = 21 - 20. Let h = 8 + u. List the prime factors of h.
3
Let z be (-9)/(-7) + 10/(-35). Let k be (z/1)/((-1)/(-5)). Suppose 2*w + 2*o = 20, 40 = 7*w - 2*w - k*o. What are the prime factors of w?
3
Suppose -4*j + 735 = 3*u, -3*j = -5*u - 584 + 40. What are the prime factors of j?
3, 61
Suppose 5*a - 5 = 0, 6*a = 4*p + 3*a - 17. Let u(q) = 3*q - 1. Let o be u(1). What are the prime factors of 1/((-9)/p + o)?
5
Suppose y + 4*i = 9 + 5, -3*y - 2*i = -12. Suppose 2*b = -y + 14. Let v = b - -6. List the prime factors of v.
2, 3
Suppose -5*b = -2*b. Suppose x - 2*y - 19 = 0, 2*x - x + 3*y - 29 = b. List the prime factors of x.
23
Let a = 14 + -17. List the prime factors of a + 6/2 - -20.
2, 5
Let d = -313 + 551. List the prime factors of d.
2, 7, 17
Let x be 10*51/6 - 3. Suppose -o + x = 4*o + y, o = -y + 14. List the prime factors of o.
17
Let s(q) = -12*q - 14. What are the prime factors of s(-5)?
2, 23
Let t = 1 + 2. Suppose r + t*r = 16. List the prime factors of r.
2
Let d(o) = o + 8. What are the prime factors of d(-3)?
5
List the prime factors of 178 + 0 + (-7 - -8).
179
Let i(a) be the second derivative of 7*a**3/6 + a**2 + a. List the prime factors of i(2).
2
Suppose -2*q - 15 = -m + 1, 3*q = -4*m + 31. Let x = m + -2. What are the prime factors of x?
2
Suppose -2*c - 5 = -7*c. Let u(q) = 8*q**3 + 2*q**2 - 2*q + 1. List the prime factors of u(c).
3
Let k = 28 - 39. Let l = k + 19. Suppose -x - 3*o = 12, 2*x + l = -3*o - 1. What are the prime factors of x?
3
Suppose 0*r - 2 = 2*r. List the prime factors of 18 + 0 + -1 + r.
2
Suppose 5*f - f - 128 = 0. Let l = -21 + f. What are the prime factors of l?
11
Let n be (-2)/(-7) + (-299)/(-7). What are the prime factors of (-10)/(-15) + n/3?
3, 5
Let m(g) = 4 - 2*g - 3*g + g**2 + g. Let t be m(5). Suppose n - 3*d = t, -n + 2*d = 3*n - 36. What are the prime factors of n?
3
Let l = 6 - 14. Let t = -4 - l. What are the prime factors of t?
2
Let d(s) = 27*s**2. Let o be d(-1). Suppose -x - n = -o, 5*x + 2*n + n = 131. What are the prime factors of x?
5
What are the prime factors of (-1)/(1*(-3)/45)?
3, 5
Let u = 5 - 3. Let i be u - 0 - (-1 - -1). Suppose -3*w = -21 + 9, i*w + 36 = 4*g. List the prime factors of g.
11
Suppose -f - 2*f = 0. Suppose f*p - 4*p = -12. Suppose 3*h - 36 + 5 = -4*z, p*h = -2*z + 29. List the prime factors of h.
3
Let a = -54 + 99. What are the prime factors of a?
3, 5
Let x = 15 + -10. Suppose 4*u = 2*u. Suppose 4*g + 16 = u, -34 - 37 = -x*d + 4*g. What are the prime factors of d?
11
Let p(y) = -4*y + 1. Let f be p(1). Let z = f + 8. List the prime factors of z.
5
List the prime factors of (3 - 0/(-3)) + 0.
3
Let j(y) = -y**2 + 8*y + 3. Let a be j(8). Suppose 0*w = -a*w + 105. List the prime factors of w.
5, 7
Let z(u) = -u**2 - u. Let w(t) = 5*t**2 + 6*t + 7. Let n(c) = -w(c) - 6*z(c). What are the prime factors of n(5)?
2, 3
Let o = 4 + 0. Suppose -3*h + h + o = 0. List the prime factors of -10*(h + (-14)/4).
3, 5
Suppose 5*x = 1331 - 6. What are the prime factors of x?
5, 53
Let c = -353 - -554. List the prime factors of (-3)/18 - c/(-18).
11
Let t be 20/35*(-7)/(-2). What are the prime factors of 1/t + (-12)/(-8)?
2
Suppose -5*l + 172 = -3*l. What are the prime factors of l?
2, 43
Let d = 41 - 9. List the prime factors of d.
2
What are the prime factors of (-50)/3*(-9)/2?
3, 5
Suppose 3*z - 3*k - 657 = 0, 5*z + 2*k = -433 + 1507. List the prime factors of z.
2, 3
Suppose 2*f - 48 = -6*q + q, 5*q = -3*f + 47. Suppose 4*p + 3*o = -36, 5*p - q = -3*o - 58. Let y = p + 19. What are the prime factors of y?
7
Let a(n) = -n**2 - 1 + 5*n + 0*n**2 + 7. Let t be a(6). Suppose d - 11 = -t*d. What are the prime factors of d?
11
Let r be ((-441)/(-12) + 2)*4. Suppose 2*m + 3*m + 25 = 0, 3*m = 5*n - r. Suppose -6*o = -2*o - n. List the prime factors of o.